{"id":128,"date":"2025-02-21T07:44:39","date_gmt":"2025-02-21T07:44:39","guid":{"rendered":"https:\/\/konferencja.pwplock.edu.pl\/?page_id=128"},"modified":"2026-02-23T11:06:51","modified_gmt":"2026-02-23T11:06:51","slug":"publikacje","status":"publish","type":"page","link":"https:\/\/konferencja.pwplock.edu.pl\/?page_id=128","title":{"rendered":"PUBLIKACJE"},"content":{"rendered":"<p class=\"has-black-color has-text-color has-link-color wp-elements-bc2db79470a275b58f6300227ea9cb86\">Udzia\u0142 w wydarzeniu, jakim jest konferencja naukowa, daje r\u00f3wnie\u017c mo\u017cliwo\u015b\u0107 opublikowania rozdzia\u0142u w monografii pokonferencyjnej. Warunkiem opublikowania opracowania naukowego jest prezentacja referatu w trakcie konferencji i uzyskanie pozytywnej recenzji.<\/p>\n<div class=\"block-title\">\n<h3 class=\"wp-block-heading has-black-color has-text-color has-link-color wp-elements-e454252eccbb6d3296783adfff2b1e78\"><strong>Publikacja artyku\u0142u w Monografii. Najwa\u017cniejsze informacje<\/strong><\/h3>\n<\/div>\n<p>Opracowania, po pozytywnej recenzji i przygotowane zgodnie z wytycznymi edytorskimi zostan\u0105 opublikowane w:<\/p>\n<ul>\n<li>Monografii pokonferencyjnej (20 pkt. MNiSW),<\/li>\n<li>Czasopi\u015bmie naukowym \u201eFoundations of Management\u201d (2026 &#8211; 40 pkt. MNiSW).<\/li>\n<\/ul>\n<p>Warunkiem opublikowania opracowania naukowego jest prezentacja referatu w trakcie Konferencji.<\/p>\n<p>Autor mo\u017ce zg\u0142osi\u0107 maksymalnie dwa opracowania naukowe (jeden samodzielny i jeden wsp\u00f3\u0142autorski).<\/p>\n<p>Rozdzia\u0142y do monografii naukowej nale\u017cy przygotowa\u0107 zgodnie z zasadami okre\u015blonymi w\u00a0\u201eWymogach edytorskich publikacji pokonferencyjnej\u201d. Rozdzia\u0142y naukowe opracowane niezgodnie z wytycznymi nie b\u0119d\u0105 publikowane.<\/p>\n<p>Artyku\u0142 do czasopisma \u201eFoundations of Management\u201d nale\u017cy przygotowa\u0107 zgodnie z wymogami redakcyjnymi (https:\/\/www.wz.pw.edu.pl\/FoM).<\/p>\n<p>Studenci zg\u0142aszaj\u0105cy opracowania naukowe musz\u0105 mie\u0107 opiekuna naukowego (co najmniej z tytu\u0142em doktora).<\/p>\n<p class=\"has-black-color has-text-color has-link-color wp-elements-8c49c5a41cd3a142999e2fe4036cbb48\">Uczestnictwo w konferencji i publikacja w monografii s\u0105 bezp\u0142atne.<\/p>\n<p>\u00a0<\/p>\n\n\n<div class=\"wp-block-file\"><a id=\"wp-block-file--media-cd008cc2-f5a0-4dd7-b2ee-14cbaf703b96\" href=\"https:\/\/konferencja.pwplock.edu.pl\/wp-content\/uploads\/2026\/02\/Wymogi-edytorskie-2026-1.docx\">Wymogi edytorskie 2026<\/a><a href=\"https:\/\/konferencja.pwplock.edu.pl\/wp-content\/uploads\/2026\/02\/Wymogi-edytorskie-2026-1.docx\" class=\"wp-block-file__button wp-element-button\" download aria-describedby=\"wp-block-file--media-cd008cc2-f5a0-4dd7-b2ee-14cbaf703b96\">Pobierz<\/a><\/div>\n\n\n<\/p>\n<p>\n\n\n<div class=\"wp-block-file\"><a id=\"wp-block-file--media-df688794-932a-44ee-8394-8092000a16d4\" href=\"https:\/\/konferencja.pwplock.edu.pl\/wp-content\/uploads\/2026\/02\/EDITORIAL-GUIDELINES-2026-1.docx\">EDITORIAL GUIDELINES 2026<\/a><a href=\"https:\/\/konferencja.pwplock.edu.pl\/wp-content\/uploads\/2026\/02\/EDITORIAL-GUIDELINES-2026-1.docx\" class=\"wp-block-file__button wp-element-button\" download aria-describedby=\"wp-block-file--media-df688794-932a-44ee-8394-8092000a16d4\">Pobierz<\/a><\/div>\n\n\n<\/p>\n<p>\n\n\n<div class=\"wp-block-file\"><a id=\"wp-block-file--media-4b4e5078-79e4-40b6-a4d6-0d5d4cc25507\" href=\"https:\/\/konferencja.pwplock.edu.pl\/wp-content\/uploads\/2026\/02\/Article-form-2026-1.docx\">Article form 2026<\/a><a href=\"https:\/\/konferencja.pwplock.edu.pl\/wp-content\/uploads\/2026\/02\/Article-form-2026-1.docx\" class=\"wp-block-file__button wp-element-button\" download aria-describedby=\"wp-block-file--media-4b4e5078-79e4-40b6-a4d6-0d5d4cc25507\">Pobierz<\/a><\/div>\n\n\n<\/p>\n<p>\n\n\n<div class=\"wp-block-file\"><a id=\"wp-block-file--media-3030e6df-79a9-448c-a24b-335afa39f78c\" href=\"https:\/\/konferencja.pwplock.edu.pl\/wp-content\/uploads\/2026\/02\/Szablon-artykulu-2026-1.docx\">Szablon artyku\u0142u 2026<\/a><a href=\"https:\/\/konferencja.pwplock.edu.pl\/wp-content\/uploads\/2026\/02\/Szablon-artykulu-2026-1.docx\" class=\"wp-block-file__button wp-element-button\" download aria-describedby=\"wp-block-file--media-3030e6df-79a9-448c-a24b-335afa39f78c\">Pobierz<\/a><\/div>\n\n\n<\/div>\n<p>Wraz z artyku\u0142em nale\u017cy przes\u0142a\u0107 podpisane O\u015bwiadczenie Autora:<\/p>\n\n\n<div class=\"wp-block-file\"><a id=\"wp-block-file--media-d19c7904-e80d-4c65-b15a-fac975c5707a\" href=\"https:\/\/konferencja.pwplock.edu.pl\/wp-content\/uploads\/2026\/02\/Oswiadczenie-Autora.docx\">O\u015bwiadczenie Autora<\/a><a href=\"https:\/\/konferencja.pwplock.edu.pl\/wp-content\/uploads\/2026\/02\/Oswiadczenie-Autora.docx\" class=\"wp-block-file__button wp-element-button\" download aria-describedby=\"wp-block-file--media-d19c7904-e80d-4c65-b15a-fac975c5707a\">Pobierz<\/a><\/div>\n\n\n\n<div style=\"height:23px\" aria-hidden=\"true\" class=\"wp-block-spacer\"><\/div>\n\n\n<div>\u00a0<\/div>\n<div>Poni\u017cej mog\u0105 Pa\u0144stwo znale\u017a\u0107 Monografi\u0119 opublikowan\u0105 w zwi\u0105zku z XIII Mi\u0119dzynarodow\u0105 Konferencj\u0105 Naukow\u0105 &#8222;Wsp\u00f3\u0142czesne Problemy Rozwoju Gospodarczego &#8211; Wyzwania gospodarki cyfrowej&#8221;:<\/div>\n<div>\u00a0<\/div>\n<div><a href=\"https:\/\/www.pw.plock.pl\/Kolegium-NEiS\/Publikacje-w-KNEiS\/Ochrona-zdrowia-administracja-publiczna-rynek-pracy-i-zmiany-spoleczne-w-gospodarce-cyfrowej\">Pomaranik, W. (2025). Ochrona zdrowia, administracja publiczna, rynek pracy i zmiany spo\u0142eczne w gospodarce cyfrowej (s. 189). Politechnika Warszawska<\/a><\/div>\n<div>\u00a0<\/div>\n<div><a href=\"https:\/\/www.pw.plock.pl\/Kolegium-NEiS\/Publikacje-w-KNEiS\/Przedsiebiorstwa-w-gospodarce-cyfrowej\">Pomaranik, W., &amp; Piekut, M. (2025). Przedsi\u0119biorstwa w gospodarce cyfrowej (s. 188). Politechnika Warszawska<\/a><\/div>\n<div>\u00a0<\/div>\n<div><a href=\"https:\/\/www.pw.plock.pl\/Kolegium-NEiS\/Publikacje-w-KNEiS\/Digital-And-Green-Transformation-In-The-Context-Of-Households-Markets-And-Public-Policies\">Piekut, M., &amp; Knapkova, M. (2025). Digital and Green Transformation in the Context of Households, Markets, and Public Policies<\/a><\/div>\n<div>\u00a0<\/div>\n<div><a href=\"https:\/\/www.pw.plock.pl\/Kolegium-NEiS\/Publikacje-w-KNEiS\/Wspolczesne-problemy-gospodarcze-Wyzwania-gospodarki-cyfrowej\">Kapela, M., &amp; St\u0119pniak-Kucharska, A. (2025). Wsp\u00f3\u0142czesne problemy gospodarcze : wyzwania gospodarki cyfrowej<\/a><\/div>\n<div>\u00a0<\/div>\n<div>\u00a0<\/div>\n<div>Wszystkie publikacje przygotowane w zwi\u0105zku z Mi\u0119dzynarodow\u0105 Konferencj\u0105 Naukow\u0105 &#8222;Wsp\u00f3\u0142czesne Problemy Rozwoju Gospodarczego&#8221; znajduj\u0105 si\u0119 na: <a href=\"https:\/\/konferencja.pwplock.edu.pl\/?page_id=59\"><strong>Konferencja naukowa \u2013 poprzednie edycje<\/strong><\/a>.<\/div>\n<div>\u00a0<\/div>\n<div>\u00a0<\/div>\n<figure><\/figure>\n<p><img decoding=\"async\" class=\"aligncenter\" src=\"https:\/\/konferencja2025.pwplock.edu.pl\/wp-content\/uploads\/2025\/04\/image-1.png\" \/><\/p>","protected":false},"excerpt":{"rendered":"<p>Udzia\u0142 w wydarzeniu, jakim jest konferencja naukowa, daje r\u00f3wnie\u017c mo\u017cliwo\u015b\u0107 opublikowania rozdzia\u0142u w monografii pokonferencyjnej. Warunkiem opublikowania opracowania naukowego jest prezentacja referatu w trakcie konferencji i uzyskanie pozytywnej recenzji. Publikacja artyku\u0142u w Monografii. Najwa\u017cniejsze informacje Opracowania, po pozytywnej recenzji i przygotowane zgodnie z wytycznymi edytorskimi zostan\u0105 opublikowane w: Monografii pokonferencyjnej (20 pkt. MNiSW), Czasopi\u015bmie naukowym&hellip;<\/p>\n","protected":false},"author":1,"featured_media":0,"parent":0,"menu_order":0,"comment_status":"closed","ping_status":"closed","template":"","meta":{"footnotes":""},"class_list":["post-128","page","type-page","status-publish","hentry"],"yoast_head":"<!-- This site is optimized with the Yoast SEO plugin v25.0 - https:\/\/yoast.com\/wordpress\/plugins\/seo\/ -->\n<title>PUBLIKACJE - MI\u0118DZYNARODOWA KONFERENCJA NAUKOWA<\/title>\n<meta name=\"description\" content=\"W ramach XIII Mi\u0119dzynarodowej Konferencji Naukowej mo\u017cna przygotowa\u0107 referaty. Publikacje zostan\u0105 opublikowane w monografii pokonferencyjnej\" \/>\n<meta name=\"robots\" content=\"index, follow, max-snippet:-1, max-image-preview:large, max-video-preview:-1\" \/>\n<link rel=\"canonical\" href=\"https:\/\/konferencja.pwplock.edu.pl\/?page_id=128\" \/>\n<meta property=\"og:locale\" content=\"pl_PL\" \/>\n<meta property=\"og:type\" content=\"article\" \/>\n<meta property=\"og:title\" content=\"PUBLIKACJE - MI\u0118DZYNARODOWA KONFERENCJA NAUKOWA\" \/>\n<meta property=\"og:description\" content=\"W ramach XIII Mi\u0119dzynarodowej Konferencji Naukowej mo\u017cna przygotowa\u0107 referaty. Publikacje zostan\u0105 opublikowane w monografii pokonferencyjnej\" \/>\n<meta property=\"og:url\" content=\"https:\/\/konferencja.pwplock.edu.pl\/?page_id=128\" \/>\n<meta property=\"og:site_name\" content=\"MI\u0118DZYNARODOWA KONFERENCJA NAUKOWA\" \/>\n<meta property=\"article:publisher\" content=\"https:\/\/www.facebook.com\/politechnika.plock\/?locale=pl_PL\" \/>\n<meta property=\"article:modified_time\" content=\"2026-02-23T11:06:51+00:00\" \/>\n<meta property=\"og:image\" content=\"https:\/\/konferencja2025.pwplock.edu.pl\/wp-content\/uploads\/2025\/04\/image-1.png\" \/>\n<meta name=\"twitter:card\" content=\"summary_large_image\" \/>\n<meta name=\"twitter:site\" content=\"@pw_plock\" \/>\n<meta name=\"twitter:label1\" content=\"Szacowany czas czytania\" \/>\n\t<meta name=\"twitter:data1\" content=\"2 minuty\" \/>\n<script type=\"application\/ld+json\" class=\"yoast-schema-graph\">{\"@context\":\"https:\/\/schema.org\",\"@graph\":[{\"@type\":\"WebPage\",\"@id\":\"https:\/\/konferencja.pwplock.edu.pl\/?page_id=128\",\"url\":\"https:\/\/konferencja.pwplock.edu.pl\/?page_id=128\",\"name\":\"PUBLIKACJE - MI\u0118DZYNARODOWA KONFERENCJA NAUKOWA\",\"isPartOf\":{\"@id\":\"https:\/\/konferencja.pwplock.edu.pl\/#website\"},\"primaryImageOfPage\":{\"@id\":\"https:\/\/konferencja.pwplock.edu.pl\/?page_id=128#primaryimage\"},\"image\":{\"@id\":\"https:\/\/konferencja.pwplock.edu.pl\/?page_id=128#primaryimage\"},\"thumbnailUrl\":\"https:\/\/konferencja2025.pwplock.edu.pl\/wp-content\/uploads\/2025\/04\/image-1.png\",\"datePublished\":\"2025-02-21T07:44:39+00:00\",\"dateModified\":\"2026-02-23T11:06:51+00:00\",\"description\":\"W ramach XIII Mi\u0119dzynarodowej Konferencji Naukowej mo\u017cna przygotowa\u0107 referaty. Publikacje zostan\u0105 opublikowane w monografii pokonferencyjnej\",\"breadcrumb\":{\"@id\":\"https:\/\/konferencja.pwplock.edu.pl\/?page_id=128#breadcrumb\"},\"inLanguage\":\"pl-PL\",\"potentialAction\":[{\"@type\":\"ReadAction\",\"target\":[\"https:\/\/konferencja.pwplock.edu.pl\/?page_id=128\"]}]},{\"@type\":\"ImageObject\",\"inLanguage\":\"pl-PL\",\"@id\":\"https:\/\/konferencja.pwplock.edu.pl\/?page_id=128#primaryimage\",\"url\":\"https:\/\/konferencja2025.pwplock.edu.pl\/wp-content\/uploads\/2025\/04\/image-1.png\",\"contentUrl\":\"https:\/\/konferencja2025.pwplock.edu.pl\/wp-content\/uploads\/2025\/04\/image-1.png\"},{\"@type\":\"BreadcrumbList\",\"@id\":\"https:\/\/konferencja.pwplock.edu.pl\/?page_id=128#breadcrumb\",\"itemListElement\":[{\"@type\":\"ListItem\",\"position\":1,\"name\":\"Strona g\u0142\u00f3wna\",\"item\":\"https:\/\/konferencja.pwplock.edu.pl\/\"},{\"@type\":\"ListItem\",\"position\":2,\"name\":\"PUBLIKACJE\"}]},{\"@type\":\"WebSite\",\"@id\":\"https:\/\/konferencja.pwplock.edu.pl\/#website\",\"url\":\"https:\/\/konferencja.pwplock.edu.pl\/\",\"name\":\"MI\u0118DZYNARODOWA KONFERENCJA NAUKOWA\",\"description\":\"KNEiS - Politechnika Warszawska Filia w P\u0142ocku\",\"publisher\":{\"@id\":\"https:\/\/konferencja.pwplock.edu.pl\/#organization\"},\"alternateName\":\"KNEiS - Politechnika Warszawska Filia w P\u0142ocku\",\"potentialAction\":[{\"@type\":\"SearchAction\",\"target\":{\"@type\":\"EntryPoint\",\"urlTemplate\":\"https:\/\/konferencja.pwplock.edu.pl\/?s={search_term_string}\"},\"query-input\":{\"@type\":\"PropertyValueSpecification\",\"valueRequired\":true,\"valueName\":\"search_term_string\"}}],\"inLanguage\":\"pl-PL\"},{\"@type\":\"Organization\",\"@id\":\"https:\/\/konferencja.pwplock.edu.pl\/#organization\",\"name\":\"Politechnika Warszawska Filia w P\u0142ocku\",\"alternateName\":\"Mi\u0119dzynarodowa Konferencja Naukowa\",\"url\":\"https:\/\/konferencja.pwplock.edu.pl\/\",\"logo\":{\"@type\":\"ImageObject\",\"inLanguage\":\"pl-PL\",\"@id\":\"https:\/\/konferencja.pwplock.edu.pl\/#\/schema\/logo\/image\/\",\"url\":\"https:\/\/konferencja.pwplock.edu.pl\/wp-content\/uploads\/2025\/02\/baner-Kneis-2025-2-1-1024x341-1.png\",\"contentUrl\":\"https:\/\/konferencja.pwplock.edu.pl\/wp-content\/uploads\/2025\/02\/baner-Kneis-2025-2-1-1024x341-1.png\",\"width\":1024,\"height\":341,\"caption\":\"Politechnika Warszawska Filia w P\u0142ocku\"},\"image\":{\"@id\":\"https:\/\/konferencja.pwplock.edu.pl\/#\/schema\/logo\/image\/\"},\"sameAs\":[\"https:\/\/www.facebook.com\/politechnika.plock\/?locale=pl_PL\",\"https:\/\/x.com\/pw_plock\",\"https:\/\/www.instagram.com\/knsonda_pwplock\/\",\"https:\/\/www.linkedin.com\/company\/ko\u0142o-naukowe-sonda\/\"]}]}<\/script>\n<!-- \/ Yoast SEO plugin. -->","yoast_head_json":{"title":"PUBLIKACJE - MI\u0118DZYNARODOWA KONFERENCJA NAUKOWA","description":"W ramach XIII Mi\u0119dzynarodowej Konferencji Naukowej mo\u017cna przygotowa\u0107 referaty. Publikacje zostan\u0105 opublikowane w monografii pokonferencyjnej","robots":{"index":"index","follow":"follow","max-snippet":"max-snippet:-1","max-image-preview":"max-image-preview:large","max-video-preview":"max-video-preview:-1"},"canonical":"https:\/\/konferencja.pwplock.edu.pl\/?page_id=128","og_locale":"pl_PL","og_type":"article","og_title":"PUBLIKACJE - MI\u0118DZYNARODOWA KONFERENCJA NAUKOWA","og_description":"W ramach XIII Mi\u0119dzynarodowej Konferencji Naukowej mo\u017cna przygotowa\u0107 referaty. Publikacje zostan\u0105 opublikowane w monografii pokonferencyjnej","og_url":"https:\/\/konferencja.pwplock.edu.pl\/?page_id=128","og_site_name":"MI\u0118DZYNARODOWA KONFERENCJA NAUKOWA","article_publisher":"https:\/\/www.facebook.com\/politechnika.plock\/?locale=pl_PL","article_modified_time":"2026-02-23T11:06:51+00:00","og_image":[{"url":"https:\/\/konferencja2025.pwplock.edu.pl\/wp-content\/uploads\/2025\/04\/image-1.png","type":"","width":"","height":""}],"twitter_card":"summary_large_image","twitter_site":"@pw_plock","twitter_misc":{"Szacowany czas czytania":"2 minuty"},"schema":{"@context":"https:\/\/schema.org","@graph":[{"@type":"WebPage","@id":"https:\/\/konferencja.pwplock.edu.pl\/?page_id=128","url":"https:\/\/konferencja.pwplock.edu.pl\/?page_id=128","name":"PUBLIKACJE - MI\u0118DZYNARODOWA KONFERENCJA NAUKOWA","isPartOf":{"@id":"https:\/\/konferencja.pwplock.edu.pl\/#website"},"primaryImageOfPage":{"@id":"https:\/\/konferencja.pwplock.edu.pl\/?page_id=128#primaryimage"},"image":{"@id":"https:\/\/konferencja.pwplock.edu.pl\/?page_id=128#primaryimage"},"thumbnailUrl":"https:\/\/konferencja2025.pwplock.edu.pl\/wp-content\/uploads\/2025\/04\/image-1.png","datePublished":"2025-02-21T07:44:39+00:00","dateModified":"2026-02-23T11:06:51+00:00","description":"W ramach XIII Mi\u0119dzynarodowej Konferencji Naukowej mo\u017cna przygotowa\u0107 referaty. Publikacje zostan\u0105 opublikowane w monografii pokonferencyjnej","breadcrumb":{"@id":"https:\/\/konferencja.pwplock.edu.pl\/?page_id=128#breadcrumb"},"inLanguage":"pl-PL","potentialAction":[{"@type":"ReadAction","target":["https:\/\/konferencja.pwplock.edu.pl\/?page_id=128"]}]},{"@type":"ImageObject","inLanguage":"pl-PL","@id":"https:\/\/konferencja.pwplock.edu.pl\/?page_id=128#primaryimage","url":"https:\/\/konferencja2025.pwplock.edu.pl\/wp-content\/uploads\/2025\/04\/image-1.png","contentUrl":"https:\/\/konferencja2025.pwplock.edu.pl\/wp-content\/uploads\/2025\/04\/image-1.png"},{"@type":"BreadcrumbList","@id":"https:\/\/konferencja.pwplock.edu.pl\/?page_id=128#breadcrumb","itemListElement":[{"@type":"ListItem","position":1,"name":"Strona g\u0142\u00f3wna","item":"https:\/\/konferencja.pwplock.edu.pl\/"},{"@type":"ListItem","position":2,"name":"PUBLIKACJE"}]},{"@type":"WebSite","@id":"https:\/\/konferencja.pwplock.edu.pl\/#website","url":"https:\/\/konferencja.pwplock.edu.pl\/","name":"MI\u0118DZYNARODOWA KONFERENCJA NAUKOWA","description":"KNEiS - Politechnika Warszawska Filia w P\u0142ocku","publisher":{"@id":"https:\/\/konferencja.pwplock.edu.pl\/#organization"},"alternateName":"KNEiS - Politechnika Warszawska Filia w P\u0142ocku","potentialAction":[{"@type":"SearchAction","target":{"@type":"EntryPoint","urlTemplate":"https:\/\/konferencja.pwplock.edu.pl\/?s={search_term_string}"},"query-input":{"@type":"PropertyValueSpecification","valueRequired":true,"valueName":"search_term_string"}}],"inLanguage":"pl-PL"},{"@type":"Organization","@id":"https:\/\/konferencja.pwplock.edu.pl\/#organization","name":"Politechnika Warszawska Filia w P\u0142ocku","alternateName":"Mi\u0119dzynarodowa Konferencja Naukowa","url":"https:\/\/konferencja.pwplock.edu.pl\/","logo":{"@type":"ImageObject","inLanguage":"pl-PL","@id":"https:\/\/konferencja.pwplock.edu.pl\/#\/schema\/logo\/image\/","url":"https:\/\/konferencja.pwplock.edu.pl\/wp-content\/uploads\/2025\/02\/baner-Kneis-2025-2-1-1024x341-1.png","contentUrl":"https:\/\/konferencja.pwplock.edu.pl\/wp-content\/uploads\/2025\/02\/baner-Kneis-2025-2-1-1024x341-1.png","width":1024,"height":341,"caption":"Politechnika Warszawska Filia w P\u0142ocku"},"image":{"@id":"https:\/\/konferencja.pwplock.edu.pl\/#\/schema\/logo\/image\/"},"sameAs":["https:\/\/www.facebook.com\/politechnika.plock\/?locale=pl_PL","https:\/\/x.com\/pw_plock","https:\/\/www.instagram.com\/knsonda_pwplock\/","https:\/\/www.linkedin.com\/company\/ko\u0142o-naukowe-sonda\/"]}]}},"_links":{"self":[{"href":"https:\/\/konferencja.pwplock.edu.pl\/index.php?rest_route=\/wp\/v2\/pages\/128","targetHints":{"allow":["GET"]}}],"collection":[{"href":"https:\/\/konferencja.pwplock.edu.pl\/index.php?rest_route=\/wp\/v2\/pages"}],"about":[{"href":"https:\/\/konferencja.pwplock.edu.pl\/index.php?rest_route=\/wp\/v2\/types\/page"}],"author":[{"embeddable":true,"href":"https:\/\/konferencja.pwplock.edu.pl\/index.php?rest_route=\/wp\/v2\/users\/1"}],"replies":[{"embeddable":true,"href":"https:\/\/konferencja.pwplock.edu.pl\/index.php?rest_route=%2Fwp%2Fv2%2Fcomments&post=128"}],"version-history":[{"count":30,"href":"https:\/\/konferencja.pwplock.edu.pl\/index.php?rest_route=\/wp\/v2\/pages\/128\/revisions"}],"predecessor-version":[{"id":609,"href":"https:\/\/konferencja.pwplock.edu.pl\/index.php?rest_route=\/wp\/v2\/pages\/128\/revisions\/609"}],"wp:attachment":[{"href":"https:\/\/konferencja.pwplock.edu.pl\/index.php?rest_route=%2Fwp%2Fv2%2Fmedia&parent=128"}],"curies":[{"name":"wp","href":"https:\/\/api.w.org\/{rel}","templated":true}]}}